r. What are the prime factors of j?
3, 41
Let q(h) = -95*h - 968. What are the prime factors of q(-19)?
3, 31
Let l(v) = -352*v**3 - 10*v**2 - 13*v - 9. What are the prime factors of l(-2)?
3, 7, 19
Let z be (-1 - -2)/(3/6). Suppose -4*v + z*c = 5*c + 31, 40 = -5*v - 4*c. List the prime factors of v/24 + (-235)/(-6).
3, 13
Suppose 20045 = 6*l - 57187. List the prime factors of l.
2, 1609
What are the prime factors of 707/(-202)*(-1)/(14/108888)?
2, 3, 13, 349
Let m(z) = 142*z**2 - 3*z - 157. List the prime factors of m(19).
2, 3, 709
Let c = 8679 - -90. List the prime factors of c.
3, 37, 79
Let u = 1222 + 726. Suppose 15*d - u = 947. Suppose d = 3*m + 34. What are the prime factors of m?
53
Suppose 4*n = 4*x + 103496, -3*n + 30*x + 77662 = 35*x. List the prime factors of n.
7, 3697
Let r be -262*2/(1 - -3). Let a(v) = v**2 - 16*v + 34. Let j be a(11). Let p = j - r. List the prime factors of p.
2, 5, 11
Let n(j) = -j**2 - 7*j - 10. Let y be n(-5). Let d(g) = g**3 - g**2 + 148. List the prime factors of d(y).
2, 37
Let i(s) = 2*s - 32. Let m(t) = 1. Let z(r) = -i(r) + 4*m(r). Let d be ((-11)/(-3))/((-1)/(-3)). What are the prime factors of z(d)?
2, 7
Let v be (-6)/(-10)*(-85)/(-51). Suppose 4 = 5*o - v, -2*z + 1004 = 4*o. List the prime factors of z.
2, 5
Suppose 5*g - 2*g = 30. Suppose 0 = 3*b + 4*y + 5, g + 15 = 2*b - 3*y. Suppose 3*z - 18 = 4*a - a, -26 = -3*z - b*a. What are the prime factors of z?
7
Suppose 0 = -5*x + 256 + 104. Suppose -2*u - z + 8 = -x, 2*u - 80 = -3*z. Suppose -3*t + u + 512 = 0. List the prime factors of t.
2, 23
Let w(c) = c**2 - 14*c - 4. Let a be w(12). Let d be (-16)/a - (-4839)/21. Suppose -v = -3*p - 87, 2*v - d + 62 = 5*p. List the prime factors of v.
2, 3
Let r(f) = -3*f**3 + f**2 - 6*f - 3. Let q be r(-4). Suppose 6*y - 1043 = q. Let k = y - 123. What are the prime factors of k?
89
Let c(m) = 94*m**2 + 8*m - 29. Let r(h) = 47*h**2 + 4*h - 15. Let a(j) = 3*c(j) - 5*r(j). Let b be a(3). Let w = b - 268. What are the prime factors of w?
5, 31
Suppose h - 2*j = 7, 7*j = 2*j + 25. Suppose h*a + 795 = 20*a. Suppose 3*l - a - 224 = 0. What are the prime factors of l?
163
Suppose -q + 5*q + 88 = 0. Let k(o) = o**2 + 6*o + 7. Let a be k(-2). Let v = a - q. What are the prime factors of v?
3, 7
Let g(y) = -21*y + 21 - 39 - y. Let v be g(-12). Suppose -v = 4*h - 6*h. What are the prime factors of h?
3, 41
Suppose -4*y = 4*l - 22348, -4*y - 13212 = -5*l + 14705. List the prime factors of l.
5, 1117
Let a(j) = 10*j**2 - j - 15. Let q be ((-4)/3)/(24/108). Let y(h) = 3*h + 22. Let n be y(q). List the prime factors of a(n).
3, 47
Let z(j) = -25*j + 95. Let i be z(-6). What are the prime factors of (-4 - 2)/(-6) + i?
2, 3, 41
What are the prime factors of 107*(121 - -6 - 5)?
2, 61, 107
Let t be -8 - 2*(-2)/(-4)*-1. What are the prime factors of 57 + t/(21/18)?
3, 17
Let b(w) = 29078*w**3 - 62*w + 63. What are the prime factors of b(1)?
3, 359
Suppose 6*m + 3*m = 9774. Let a = 2238 - m. List the prime factors of a.
2, 3
Let y = -228 - -96. Let k = -772 + 1077. Let z = k + y. List the prime factors of z.
173
Let v(o) = -2*o**2 + 5. Let m be v(0). Suppose -5*q + 193 = m*p + 38, 3*q + 5*p = 95. Suppose -2*y = -262 + q. What are the prime factors of y?
2, 29
Let r = 26547 + 6131. What are the prime factors of r?
2, 16339
Suppose 0 = -3*d + 9, 4*w = -0*w + 4*d + 4800. Let n = w + -413. What are the prime factors of n?
2, 5, 79
Suppose -10*t = -0*t - 4*t - 100230. List the prime factors of t.
5, 13, 257
Suppose 4 = -2*p + 32. Suppose -b = z - 0*z + p, z - b = -24. Let w = z - -32. What are the prime factors of w?
13
Let p = -653 - -658. Suppose -3*d = -5*t + 2768, -1128 = -2*t + d - p*d. List the prime factors of t.
2, 139
Suppose 3*q - 4*t - 54391 = 0, -t = -4*q + 28292 + 44225. What are the prime factors of q?
3, 6043
Let b(o) = 8*o**2 + 11*o - 79. What are the prime factors of b(13)?
2, 3, 59
List the prime factors of 8/48*6 - -1099.
2, 5, 11
What are the prime factors of 69232*(10 - 1232/128)?
2, 3, 4327
Suppose 3*q - 5*v - 5 = -4*v, 3*q = -2*v + 8. Suppose 2*p + 5*x = 10*x + 19, -2*p = -q*x - 16. Suppose -10*k + 555 = -p*k. List the prime factors of k.
5, 37
Let v = 928 - 450. Suppose -v = -5*r - 5*q + 487, 5*q = 2*r - 358. List the prime factors of r.
3, 7
Suppose 22*n - 2*n = 100. Suppose 0 = 2*w + i - 946 + 374, -n*w + 1420 = 5*i. What are the prime factors of w?
2, 3
Let x(y) = 5*y**3 - 38*y**2 + 30*y + 104. List the prime factors of x(12).
2, 227
Suppose -f - 4 = 2*d, -f - 2 + 1 = -d. Let n be ((-1)/f*-1)/(1/(-10)). Suppose 4*o + 2*i - 5*i - 5 = 0, n*o - 5*i = 5. List the prime factors of o.
2
Let x(p) = -574*p + 24. Let h be x(-4). What are the prime factors of (18/5)/(87/h)?
2, 3
Let v(z) = 11*z**3 + z**2 - 3. Let l(g) = 10*g**3 + g**2 - 3. Let w(x) = -5*l(x) + 4*v(x). What are the prime factors of w(-4)?
7, 53
Let u(v) = 25*v**3 - 3*v**2 + 15*v - 64. What are the prime factors of u(7)?
3, 941
List the prime factors of (-209283)/(-2)*(-20)/25*10/(-12).
69761
Suppose 0 = l + f - 11542, 51*l - 2*f - 57696 = 46*l. What are the prime factors of l?
2, 5, 577
What are the prime factors of 320/1040 + 97990/13?
2, 3769
Let j(w) = -w**3 + 17*w**2 - 24*w + 44. Let x be j(13). Suppose 2038 = 5*d - 3*a, d - 2*d = -a - x. What are the prime factors of d?
11, 37
Let a be (52/(-182) + 69/21)*(-8)/(-6). Suppose 0*o = -u + 3*o - 148, -2*o = -4. List the prime factors of (4 + -3 + -7)*u/a.
3, 71
Suppose 4*z + 20 = 4*m, 3*z + 4 = z - m. Let t be -3*(-7 - z - -45). Let d = t + 173. What are the prime factors of d?
2, 5
Let v(u) = 3020*u**3 + 81*u**2 - 167*u + 12. What are the prime factors of v(2)?
2, 3, 4027
Suppose 28*s - 26*s = -b + 164385, 0 = s - 4*b - 82224. List the prime factors of s.
2, 20549
Let t be 3 + 13/((-39)/18). Let c be ((-26)/t)/(8/(-780)*-5). Let x = c - 24. What are the prime factors of x?
5, 29
Let a(g) = 1557*g**2 - 62*g - 513. List the prime factors of a(-7).
2, 53, 719
Let b(r) = -r**2 - 19*r - 13. Let w be b(-18). Suppose -v + 3*v = -5*j + 1247, 5*v = -w*j + 1250. What are the prime factors of j?
3, 83
Let a be -1 + -4*(-3)/4. Suppose -a*q + 2*d = -16, 2*d + 24 = 5*q + d. Suppose -q*s - 2*j + 256 = 0, 131 = 4*s - 2*j - 109. What are the prime factors of s?
2, 31
Suppose 4*o + 2 = 2*o, -2*t + o = -17. What are the prime factors of -6 - (-5 + (-3560)/t)?
2, 3, 37
Let w(d) = d**2 + 7*d - 16. Let v be w(-12). Let h = v - 41. Suppose -73 - 353 = -h*l - 3*i, -5*l + 740 = -5*i. List the prime factors of l.
5, 29
Suppose 0 = -142*p + 155*p - 903760. What are the prime factors of p?
2, 5, 11, 79
Let a be (-25)/(-5) + -1 + -1. Suppose 0 = -11*s - a*s + 11718. List the prime factors of s.
3, 31
Let f = 117 - 122. What are the prime factors of 170 + 6 + 0 + (-2 - f)?
179
Let r = 486 - 449. Suppose -66*v - r = -67*v. What are the prime factors of v?
37
Suppose -159*a + 314*a = 12195555. What are the prime factors of a?
3, 26227
Let j = -3038 - 1174. Let l = -2104 - j. List the prime factors of l/22 + 70/22 + -3.
2, 3
Let d be (-46)/(-391) + 21694/(-17). What are the prime factors of d/(-6) + (-1)/(-3)?
3, 71
Let q = -669 + 703. Let h = q + 518. List the prime factors of h.
2, 3, 23
Let l(r) = -r - 9. Let c be l(-9). Let y(q) = q**3 - 4*q - 4. Let k be y(c). List the prime factors of k/(((-52)/96)/13).
2, 3
Let d = 218 + -217. List the prime factors of -10 + (-14613)/(-21) - d/(-7).
2, 7
Let j(a) = 3*a**2 + 348*a + 6 - 306*a - a**3 + 10*a**2. What are the prime factors of j(15)?
2, 3, 31
Let v(f) = 23*f**3 + 2*f**2 + 8*f + 4. What are the prime factors of v(7)?
13, 619
Let m = -3999 - -4008. List the prime factors of m.
3
List the prime factors of (96/10)/((22/(-1095))/(-11)).
2, 3, 73
Let o(d) = 270*d**2 - 4*d + 135. What are the prime factors of o(-9)?
3, 31, 79
Let g = -506 + 1948. What are the prime factors of g?
2, 7, 103
Let d = -603 - -603. List the prime factors of 20/(-10) + (33*31 - d).
1021
Suppose 4*q - 639 = t, t + 223 = 3*q - 257. Let f = q - 71. What are the prime factors of f?
2, 11
Suppose 0 = -3*o + j + 934, 16*j - 12*j = -16. Suppose 0 = o*p - 312*p + 450. List the prime factors of p.
3, 5
Let t = 19021 + -3049. List the prime factors of t.
2, 3, 11
Let o = -6516 - -7299. What are the prime factors of o?